pose 15412 = 9*p - 14063. What are the prime factors of p?
5, 131
Let n(j) = -j**3 + 6*j**2 - 3*j + 2. Let g be n(5). Suppose 6*y + g = -0*y. List the prime factors of -3 - (-45 + y)*1.
2, 11
Suppose 17*a = 9*a + 14120. What are the prime factors of a?
5, 353
Suppose -9991 = -8*a + 4417. List the prime factors of a.
1801
Suppose 9*c - 16 = 7*c. What are the prime factors of (((-6)/c)/(-1))/((-3)/(-216))?
2, 3
Let v be (1 + 0)*(-463 - (-24)/4). What are the prime factors of (-1)/4*(v + 5)?
113
Let q = 338 + 173. Suppose -3*c + 3*a + 516 = 0, -2*c + q = c + 2*a. Suppose -3 = 7*l - c. List the prime factors of l.
2, 3
Let c = 6885 + -3065. What are the prime factors of c?
2, 5, 191
Suppose 0 = 2*v + 2*x + 2, -x = -v + 2 - 13. Let w be (-3)/(-1) + 0/v. Suppose -w*t = -20 - 13. List the prime factors of t.
11
Suppose -12*z - 4*t + 131 = -11*z, 5*t + 10 = 0. List the prime factors of z.
139
Let t be (-240)/(-64) + (-2)/(-8). Suppose 185 = t*v - 223. What are the prime factors of v?
2, 3, 17
Let h = 11006 - 6772. List the prime factors of h.
2, 29, 73
Let t be 2/4*(-16)/((-6)/3). Suppose -675 = -9*h + t*h. What are the prime factors of h?
3, 5
List the prime factors of (2/9)/(6/26757).
991
Let k(f) = f**2 + f + 16. Let d be k(0). Let v = -263 - -218. What are the prime factors of v/(-60)*d/6?
2
List the prime factors of (-2)/(((-28)/679)/2).
97
Let d = -1065 + 2305. List the prime factors of d.
2, 5, 31
Let s = 580 - -2245. What are the prime factors of s?
5, 113
What are the prime factors of (-80 - -79)/(2/(-1182))?
3, 197
Let c(q) = 12*q**2 + 8*q + 16. Let b be c(-4). Let p = 277 - b. List the prime factors of p.
101
Let h(v) = 13*v - 5. Suppose -2*y + 5*a = -36, 3*a = -4*y - a + 16. List the prime factors of h(y).
3, 11
Let d be ((-1)/(-3))/(2/12). Suppose -h + 3*w - w = -10, -h = w - 1. Suppose h*k = -5*n + 108, -d*k - 2*n = -6*k + 136. List the prime factors of k.
2
Let x be 1*(4 + -1 + 0). Suppose -x*a + 48 = -24. Suppose a = -u + 60. What are the prime factors of u?
2, 3
Let k = 11 - 9. Let h(m) = 42*m**2 - m - 1. Let q be h(k). Suppose -132 = -4*v - 5*x + 2, 5*v + 5*x - q = 0. List the prime factors of v.
31
Let i = 0 - -4. Suppose -2*j + 0*k = 2*k - 12, 27 = 5*j + i*k. List the prime factors of 2*j + (-7 - -3).
2
Let i = 117 + -35. Suppose 0 = -4*d - 22 + i. What are the prime factors of d?
3, 5
Suppose -222 = 7*k - 47. Let y = 51 + k. What are the prime factors of y?
2, 13
Suppose -6*j + 788 = -2572. What are the prime factors of j?
2, 5, 7
Let n be 2 + 0 + 27/9. Suppose 0 = -n*u - 20, 3*c = -2*c + 4*u + 676. Suppose 3*p + p = 5*o - 160, -4*o + 4*p + c = 0. What are the prime factors of o?
2, 7
What are the prime factors of 32880/45 + ((-10)/3)/5?
2, 5, 73
Let s(z) = z**2 + 5*z + 4. Let n be s(-4). Let o(p) = p - p + n*p - 3*p. What are the prime factors of o(-3)?
3
Let q = 27 - 37. Let l be 6/4 + (-5)/q. Suppose l*i - 5*b = 129, 0*i + 89 = 2*i + 3*b. List the prime factors of i.
2, 13
Suppose 3*c + v = -15 + 37, -2*c - 2*v + 20 = 0. Let o be (-4 - -3)*(0 - -1). What are the prime factors of o*c*(-6)/4?
3
Let r = 26 - 22. Let h(v) = 4*v**2 + 4*v + 6. What are the prime factors of h(r)?
2, 43
Let i(x) = x + 4. Let n be i(-4). Suppose -2*r - 4*r - 102 = n. Let o = r + 42. What are the prime factors of o?
5
Let l be (1/2)/((-1)/6). Let a be (-1 - l)*1 - 0. Suppose 0*m + a*m = 4*s + 70, 5*s = -m. What are the prime factors of m?
5
What are the prime factors of (-609)/(-9) - 15/(-45)?
2, 17
Suppose -6*y + 3*y = 48. What are the prime factors of 76/(y/(-4)) - (1 + 1)?
17
Suppose 96174 = -73*q + 100*q. What are the prime factors of q?
2, 13, 137
Suppose -19*o - 54*o = -132057. List the prime factors of o.
3, 67
Suppose 0 = 2*m - 3*r + 150, -m - 4*m - 361 = -4*r. Let b = m - -179. Suppose -b = -5*v - 0*c - c, -5*v + 5*c + 80 = 0. What are the prime factors of v?
3, 7
Suppose -15 = 3*y + 2*y, -2*y - 6 = 5*u. Suppose -x + 4 = -u*x. Suppose 5*v - 4*d = 10, 4*v = 2*v + 2*d + x. What are the prime factors of v?
2
Let d(t) = 15*t + 99. What are the prime factors of d(6)?
3, 7
List the prime factors of (-108)/(-18)*(2 + 1664/3).
2, 5, 167
Let j(v) = v**2 + 13*v - 44. Let g be j(-18). Suppose -3*t = -g - 2. List the prime factors of t.
2
Let i(t) = -51*t**3 - 9*t**2 - 27*t - 20. List the prime factors of i(-3).
23, 59
Let b(u) = 2*u**3 - 17*u**2 - 2*u - 21. List the prime factors of b(9).
2, 3, 7
List the prime factors of 2036 + (2 - 4) + -4.
2, 5, 7, 29
Let t be (26 - 23) + (1 - 2). Let h(w) = -t - 50*w + 2 + 94*w. What are the prime factors of h(1)?
2, 11
Let j(y) be the third derivative of 0 - 1/15*y**5 - 9*y**2 - 1/6*y**4 - 1/120*y**6 - 3/2*y**3 + 0*y. What are the prime factors of j(-4)?
7
Let y = 18 - -17. Let m be (12/(-15) + 0)*25/(-2). Let n = m + y. What are the prime factors of n?
3, 5
Let j(m) = 9*m**3 + 8*m**2 - 3*m + 19. Let i(o) = -4*o**3 - 4*o**2 + 2*o - 9. Let y(c) = 7*i(c) + 3*j(c). What are the prime factors of y(-6)?
2, 3
Let w(y) = 20*y - 9. Let b be w(6). Suppose 3*d + 222 = 5*h + 78, 0 = 4*h - d - b. Suppose h*a - 24*a = 111. List the prime factors of a.
37
Suppose 4*q - 12668 = 3*x - 730, -4*q + 5*x + 11934 = 0. What are the prime factors of q?
2, 1493
Let t(m) = -14*m - 16. Suppose 3*g - 20 = 5*y - g, -3*y = 2*g + 12. List the prime factors of t(y).
2, 5
Suppose -2*g = -5*g. Suppose g*u - 5 = -u. Suppose 0 = 5*k + 5*n - 65, -u*n = -k - 4*k + 75. What are the prime factors of k?
2, 7
Let s = 19 + -9. Suppose 4*x = -4*a, -6*x + a + s = -2*x. Suppose 0 = x*m - 55 - 9. What are the prime factors of m?
2
Suppose -10915 = -478*w + 473*w. What are the prime factors of w?
37, 59
Suppose 2*l - 898 = 5*f, 6*f - 902 = -2*l + 10*f. List the prime factors of l.
3, 17
Suppose 0 = -13*p + 861 + 1375. What are the prime factors of p?
2, 43
Let a(d) = d**2 - 2*d + 3. Let z be a(2). Suppose z*b - 2 = 2*b. Suppose -b*l - 2*i = -16, 5*l + i - 28 = 2*i. What are the prime factors of l?
2, 3
Let o(v) = 2*v**2 + 6*v**2 - v + 2*v**2 - 3*v**2 + 1. Suppose -2*u + 10 = 0, 0 = -t - 5*u + 2 + 21. List the prime factors of o(t).
31
Let r(n) = -221*n**3 + 5*n**2 - 2*n - 13. List the prime factors of r(-2).
3, 593
Let z(b) = 43*b + 25. What are the prime factors of z(2)?
3, 37
Let w(s) = s**2 + 4*s - 3. Let f be w(3). Suppose -2*m - 30 + 7 = 5*q, 58 = -4*m + 2*q. Let h = f - m. What are the prime factors of h?
2
Let l(a) = 398*a**2 - 6*a + 7. What are the prime factors of l(1)?
3, 7, 19
Suppose -4*z - 5*y + 3600 = 0, -4*z - y + 2439 = -1145. What are the prime factors of z?
5, 179
Let t = -45 - -71. Let o = 74 - t. Let u = o + 14. List the prime factors of u.
2, 31
Suppose 16*x = 15*x + 4. Suppose 324 = 4*y - x*s, 2*y = 5*y + s - 263. List the prime factors of y.
2, 43
Suppose 2*v - 4*z = 76, -81 = -v + 5*z - 31. What are the prime factors of (-57)/2*v/(-5)?
3, 19
Suppose -419*v - 113812 = -456*v. List the prime factors of v.
2, 769
What are the prime factors of (-100)/(-40)*(-5526)/(-15)?
3, 307
Let d be 1*-1 + 3 + 36/(-6). Let b(t) = -3*t**3 - 6*t**2 - 2*t + 5. List the prime factors of b(d).
109
Let y(t) be the third derivative of 5*t**4/8 - 6*t**3 - 6*t**2. Let x(a) = 7*a - 18. Let h(r) = -13*x(r) + 6*y(r). List the prime factors of h(-8).
2, 13
Let y(c) = -7*c**2 + 3*c + 6. Let u be y(-4). Let k = 37 - u. List the prime factors of k.
5, 31
Suppose g = -34*g + 30800. What are the prime factors of g?
2, 5, 11
Suppose 8*w + 14 = w. Let n be (291/(-6))/(1/w). Suppose 4*b - 181 = -5*f, -3*f + n = -b - 15. What are the prime factors of f?
37
List the prime factors of ((-112)/16 - 37)*(-81)/4.
3, 11
Let k = 24 + -19. Suppose 5*x + 3*d - 232 = 0, 0*d + 240 = 5*x + k*d. Suppose -7*w + x = y - 2*w, -5*w + 68 = 2*y. List the prime factors of y.
2, 3
Let l(g) = -g**3 - 8*g**2 - 6*g + 9. Let y be l(-7). Suppose 16 = y*r + 4*s, -2*r - s + 7 = -0. Suppose -100 = -3*m - r*m. List the prime factors of m.
2, 5
Suppose -k - 19*v + 81 = -16*v, -k - v = -79. List the prime factors of k.
2, 3, 13
Suppose 5 - 1 = i. Suppose -2*a - a - i*c = 1, -a - c - 1 = 0. Let u = a - -13. List the prime factors of u.
2, 5
Let j(d) = -119*d - 20. What are the prime factors of j(-3)?
337
Let n(c) = -2*c**2 - 207*c - 7. List the prime factors of n(-5).
2, 3, 163
Suppose -5*m - 11 = 5*d + 4, 